ue
Suppose 127*t - 126*t - 10641 = 0. Is t a composite number?
True
Let f be ((-125)/(-50))/(0 - (-2)/1516). Let t = 5058 - f. Is t prime?
True
Let b(h) = 1 + 7*h - 2*h**2 + 2 - 2 + h**2. Let v be b(6). Suppose -v*r + 2*r + 95 = 0. Is r prime?
True
Let q(i) = 4*i + 2. Let d be q(2). Let o be 1 - 0 - (-5 + d). Is (-657)/(-2) - o/8 prime?
False
Let f(i) = i**3 - 19*i**2 + 20*i - 3. Let w be f(18). Let j be -257*(0 + -1) - 1. Suppose w + j = x. Is x composite?
True
Suppose 0 = -44*p + 47*p - 54123. Is p composite?
False
Let c = -4 + 10. Suppose -c*m - 4*m + 3030 = 0. Is m prime?
False
Let r(u) = u**2 - 15*u - 2. Let q be r(13). Let x be 2093/q + 1/(-4). Let s = x + 164. Is s a composite number?
False
Let t(y) = 129*y**2 + 2*y + 2. Suppose w - 19 = 3*w - 5*z, -3*w = z - 14. Is t(w) composite?
True
Let q(u) be the second derivative of -13*u**3 - u**2/2 + 5*u. Is q(-6) a composite number?
False
Let n = -4010 - -32905. Is n composite?
True
Is -1931*(1 - 10/5) composite?
False
Suppose -36*v - 10390 = -38*v. Is v composite?
True
Let n be (-14)/(-4)*(-20)/(-7). Let c = n + -6. Suppose c*b - 806 = -2*k, 0*b + 2*b + 788 = 2*k. Is k composite?
False
Suppose 5*i = 4*n - 81 - 169, 126 = 2*n - 2*i. Let m = n + -13. Is (-4 - -5) + m/1 a prime number?
True
Let u = -386 - 497. Is (-34 - -33)/(-1 - 882/u) a prime number?
True
Let b(k) = 13*k**2 + 56*k - 98. Is b(-17) a prime number?
True
Let q(i) = 50991*i + 377. Is q(2) prime?
True
Let v = -13 - -5. Let f = 10 + v. Suppose -s + 439 = 5*t + 3*s, -f*t = 4*s - 166. Is t composite?
True
Let k(y) = 887*y**2 - 19*y + 3. Is k(2) a composite number?
True
Let l be 0/(-1*2*-1). Suppose -19 = -3*p - 4. Suppose 40 = o - l*o + 3*m, 180 = p*o - 5*m. Is o prime?
True
Let r(i) = 21*i**2 + 2*i - 10. Let p be r(8). Let d(h) = 20*h**2 - h - 11. Let m be d(6). Let b = p - m. Is b a prime number?
True
Let g(b) = 2*b**3 - 20*b**2 - 17*b - 67. Is g(24) composite?
True
Suppose -19*c - 1740 = -43141. Is c a prime number?
True
Let k be -2*(-4)/12*6. Suppose 11 = k*r + 3. Let t = 87 + r. Is t a composite number?
False
Suppose 4*t + 0*t = 4*s + 2496, 0 = 5*s. Suppose 0*a - 4*i + 342 = 2*a, 4*i + t = 4*a. Is a - 0*(-1)/2 a composite number?
True
Let o(t) = -t**2. Let r(h) = -39*h**3 - 3*h**2 - 10*h + 17. Let f(b) = -2*o(b) - r(b). Is f(5) a prime number?
False
Let h be (-1)/(-1 - (-50)/55). Suppose -6*a - 12515 = -h*a. Is a composite?
False
Let m = -14505 - -21722. Is m prime?
False
Let s = -10 + 7. Is ((-3060)/s)/3 - -1 a prime number?
False
Suppose 5*d - 30467 = 88118. Is d prime?
False
Let b(l) = 30*l**2 - 2*l + 13. Let a = 8 + -4. Let n be b(a). Suppose -2*p - 3*o = -n, -p + 123 + 109 = 5*o. Is p a composite number?
True
Let o = 4 - -6. Let p(x) = 9*x**2 + o + 3*x**2 - 7. Is p(-3) a prime number?
False
Let s(q) = 694*q**2 + 4*q + 4. Let p be s(-1). Suppose -4*c = -2*c - p. Is c composite?
False
Let q(o) = o - 14. Let x be 3*(-2 + 80/12). Let n be q(x). Suppose 4*m = n, -b + 1071 = m - 776. Is b a composite number?
False
Let w = 125 - 62. Suppose -8*b - w = -247. Is b a composite number?
False
Let w(y) = 818*y + 415. Is w(6) a composite number?
False
Let y = 60 - 60. Suppose 10871 = 7*r - y*r. Is r a prime number?
True
Is (-1 + 10316)*21/(17 - -4) a composite number?
True
Let a(d) = -d**3 - 26*d**2 - 42*d + 5. Is a(-26) a composite number?
False
Let s(x) = 4498*x**2 - 4*x + 13. Is s(-2) a prime number?
True
Suppose 35*i - 40*i + 42095 = 0. Is i a prime number?
True
Suppose z - 11 = 4*j - 0*j, -2*z + 2*j = -4. Let h(l) = -l**3 - 17*l**2 + 26*l + 2. Let y be h(-18). Is y/(z + (-9)/(-15)) prime?
False
Suppose -21*m - 223580 = -41*m. Is m prime?
False
Let g(j) = 10*j**2 - 3*j + 1. Let v be g(3). Let a = 269 - v. Is a a prime number?
False
Let s be (520/(-30))/(3/108*-1). Is (-3)/(s/(-615) + 1) prime?
False
Is (101846/24)/(11/132) a composite number?
False
Let w = 14871 + -10036. Is w a composite number?
True
Let h = -26122 + 59349. Is h a prime number?
False
Let n = -3668 - -6595. Is n a composite number?
False
Let r(j) = -9*j**2 - 2. Let n be r(5). Let o = n - -478. Is o composite?
False
Is 57420/45 - (2/2 + -4) prime?
True
Suppose -9*s + 5*s = -16. Let v be (-1)/((-3)/12)*s. Is (1 - 0)*(-7 + v) composite?
True
Let h(c) = 2*c - 9. Let j(t) = t**2 - 5*t - 6. Let a be j(7). Let r be h(a). Is ((r - 1) + -3)/1 a prime number?
True
Let q(b) = -2*b**3 - b**2 + b - 5. Let u be q(-4). Let z = u - -255. Suppose -5*a + z = -757. Is a composite?
False
Let j(x) = 2*x**3 - 2*x**2 + 2*x - 3. Let y be j(2). Let f be (y - -13) + 0 + -3. Let d = f - -100. Is d composite?
True
Let j be 22/88 + (-84830)/(-8) + -1. Suppose j = 4*y - 5*o, -5*y = o + 3*o - 13305. Is y prime?
True
Let o = 50980 - 25887. Is o composite?
True
Let u = 5 + 4. Suppose u*o - 6*o - 66 = 0. Is (-4)/o + 365/11 prime?
False
Suppose -3*h + 12 = 0, -q + 3*h = 4*h - 18. Let b = q - 12. Is 4/6*291/b a prime number?
True
Let b(r) = -r**2 - r + 1. Let j(z) = z**3 + 9*z**2 - 4*z - 2. Let w(f) = 5*b(f) + j(f). Let p be w(7). Suppose 154 - p = -5*d. Is d composite?
True
Let q = 1560 - 908. Let f = 1239 - q. Is f prime?
True
Let q = -2767 - -5100. Is q a composite number?
False
Let u(s) = 31*s**3 - 11*s**2 + 10*s - 15. Let j be u(7). Suppose n = j + 14781. Is 2/5 - n/(-50) prime?
True
Is (-4 + 0)*(-2 - 4575/4) prime?
True
Let g = -1247 + 2695. Let b = g - 543. Is b composite?
True
Suppose -3*t + 0*t + 60654 = 0. Let i = -3 + 5. Is ((-1)/i)/((-11)/t) a prime number?
True
Let l = 1919 - 1289. Suppose -5*k = -5*w - 13938 - 572, 0 = -4*k - 2*w + 11620. Suppose -6*n + k = l. Is n prime?
True
Let l(b) = -92*b + 13. Let s(i) = -92*i + 12. Let h(a) = 3*l(a) - 4*s(a). Is h(6) prime?
False
Suppose -4*t = -3*z - 2483, 4*z = -3*t + 2*t - 3336. Let x = -582 - z. Is x a composite number?
False
Suppose -2*v - 22 = -4*s, 2*s - 14 = 3*v - v. Suppose -2*u = 5*y - 3705, s*u - 7480 = -2*y + 6*y. Is u prime?
False
Suppose -2*n + 5 + 1 = 0. Let g be 2 + -4 + n + 349. Suppose -c + 95 = -4*q, c + q - g = -2*c. Is c a composite number?
True
Let v(q) = 8*q**2 + 45. Is v(-8) prime?
True
Suppose 4*w = -4*h + 28, -2*w = -2*h - 0*w - 2. Suppose -3*x + 0*t + 132 = h*t, 156 = 3*x - 5*t. Is x prime?
True
Let l = 9154 - 4953. Is l prime?
True
Let y(s) = -s**2 + 0*s**2 + 1121*s**3 - 1 + 0*s**2 - 7*s + 9*s. Is y(1) composite?
True
Let c(p) = -8*p + 8. Let q be c(-1). Suppose -26*v + 13730 = -q*v. Is v a prime number?
True
Let z = -19 + 13. Is 166/z*(-1 + 7)*-1 a prime number?
False
Let u(m) = -m + 13. Let p be u(15). Let k be (-1 - 1)*(-3)/p. Is (-3348)/(-8) + k/(-6) a prime number?
True
Suppose 12*i = 9*i. Let a be (-1)/(-2)*i/5. Suppose a = f - 557 + 16. Is f a composite number?
False
Let v be (-2)/3*2*-897. Is (-2 - (1 + -3 + 3)) + v prime?
True
Let b(z) = -2*z + 13. Let l be b(9). Let s(f) = -27*f + 14. Is s(l) a prime number?
True
Suppose 2*b + 4*y = 27174, -2*y = -3*b - 4311 + 45032. Is b prime?
True
Let r(w) = -w**3 + 5*w**2 + 3*w + 6. Let f be r(5). Let l be 0 + (-237)/(-33) + 2/(-11). Is -3 + l/(f/30) composite?
False
Suppose 3*t - 4*y = -2*y + 22, -13 = -2*t + y. Let s be (1 - t/(-2)) + 5. Let n(m) = 2*m**2 + 11*m + 1. Is n(s) a prime number?
False
Let x = 84 + -72. Suppose x*d = 13*d - 1087. Is d composite?
False
Let i = -140 - -2321. Suppose -2*n - i = -6491. Is n a prime number?
False
Let m(n) = -n + 17. Let w = -6 + 21. Let j be m(w). Suppose 1235 = -j*c + 7*c. Is c a composite number?
True
Let o be -201 - (-1 + (4/(-4) - 0)). Let q be (-2876)/10 + 2/(-5). Let n = o - q. Is n composite?
False
Suppose 0 = -k + 4*p + 113, -4*k - 6*p = -2*p - 452. Is k composite?
False
Suppose -10*g + w = -14*g + 50562, -g = 4*w - 12633. Is g a prime number?
True
Let f(z) = z**3 - 2*z**2 - 4*z - 5. Let n be f(4). Suppose r = 4*r - t - n, -3*r - 4*t + 16 = 0. Suppose 3*k - 379 = u + u, 3*k + r*u = 385. Is k prime?
True
Let v(t) = 5*t**2 - 11*t + 46. Let r(j) = 2*j + 28. Let k be r(-12). Is v(k) a composite number?
True
Suppose -2*m - 1 = -7, -1 = -4*r + 5*m. Suppose -h + 2*v = -2*h + 429, -4*h + r*v + 1656 = 0. Is h composite?
False
Let x be (-2 - 0)/(4/6). Let h be ((-125)/(-5) + -1)/(-2). Is x - 3/(h/568) a prime number?
True
Let v be 44/77 + 76/14. Let j = 1 + v. Is ((-83)/(-3))/(j/21) prime?
True
Let w = -626 - -4215. Is w a prime n